{"id":101,"date":"2014-01-08T11:52:36","date_gmt":"2014-01-08T11:52:36","guid":{"rendered":"http:\/\/www.controln.ro\/asociatia-culturala\/?page_id=101"},"modified":"2016-07-28T13:27:40","modified_gmt":"2016-07-28T13:27:40","slug":"directors-cut","status":"publish","type":"page","link":"https:\/\/www.controln.ro\/asociatia-culturala\/cursuri\/directors-cut\/","title":{"rendered":"director&#8217;s cut"},"content":{"rendered":"<div class=\"margini\">\n<div class=\"verde\">\n<strong>DIRECTOR\u2019S CUT<\/strong><br \/>\n<strong>CURS DE REGIE PENTRU AMATORI<\/strong><\/p>\n<p><img decoding=\"async\" class=\"size-full wp-image-334 alignright\" alt=\"DIRECTOR'S CUT1_albastru\" src=\"http:\/\/www.controln.ro\/asociatia-culturala\/wp-content\/uploads\/2014\/01\/1.b.PROIECTE_Cursuri_Directors-Cut.jpg\" width=\"300\" height=\"424\" srcset=\"https:\/\/www.controln.ro\/asociatia-culturala\/wp-content\/uploads\/2014\/01\/1.b.PROIECTE_Cursuri_Directors-Cut.jpg 300w, https:\/\/www.controln.ro\/asociatia-culturala\/wp-content\/uploads\/2014\/01\/1.b.PROIECTE_Cursuri_Directors-Cut-212x300.jpg 212w\" sizes=\"(max-width: 300px) 100vw, 300px\" \/>Cursul de regie Director&#8217;s Cut se adreseaz\u0103 tuturor pasiona\u021bilor de film, care nu de\u021bin o preg\u0103tire prealabil\u0103 \u00een domeniu. \u00cen cele 8 \u0219edin\u021be de curs, ne propunem s\u0103 analizam teoretic to\u021bi pa\u0219ii urm\u0103ri\u021bi de obicei de un regizor \u00een spunerea unei pove\u0219ti \u00een imagini.<\/p>\n<p>\u00cen cadrul cursului se vor pune bazele \u00een\u021belegerii unui film din punctul de vedere al regizorului. Vom trece succint prin istoria filmului, vom discuta \u0219i analiza secven\u021be din filme de lung metraj, vom prezenta no\u021biuni ce \u021bin de scenariu, concep\u021bia regizoral\u0103, decupajul regizoral, lucrul cu actorii \u0219i implicarea regizorului \u00een toate etapele realiz\u0103rii unui film, fie el de scurt sau de lung metraj.<\/p>\n<p>Director&#8217;s Cut propune un nivel ridicat de interactivitate \u00eentre participan\u021bi \u0219i trainer, specific lucrului \u00een echip\u0103. Vom pune accent pe auto-cunoa\u0219tere \u0219i vom analiza pas cu pas &#8220;mecanismul&#8221; gener\u0103rii emo\u021biei creative ale participan\u021bilor.<\/p>\n<p>Pe parcusul celor 8 \u0219edin\u021be, cursul va atinge urm\u0103toarele puncte:<\/p>\n<p>1. Ce \u00eenseamn\u0103 regia de film, care este rolul regizorului \u00een toate etapele realiz\u0103rii unui film.<br \/>\n2. Apropierea de poveste. Introducere \u00een elementele de baz\u0103 \u00een scenaristic\u0103. Analiza unei pove\u0219ti din punct de vedere regizoral.<br \/>\n3. Instrumentele regizorale. Elemente de concep\u021bie regizoral\u0103 reg\u0103site \u00een toate laturile creative ale unui film &#8211; imagine, scenografie, montaj, sunet.<br \/>\n4. Decupajul regizoral. No\u021biuni tehnice legate de \u00eencadratur\u0103, mi\u0219c\u0103ri de aparat, unghiula\u021bie. Analizarea importan\u021bei decupajului \u00een spunerea unei pove\u0219ti cinematografice.<br \/>\n5. Lucrul cu actorii. Personajul si situatia. Discutii despre casting. Notiuni despre emploi si contr-emploi. Modalitati de comunicare cu neprofesionisti, copii, animale.<br \/>\n6. Muzica \u00een film. Analizarea rolului unei piese muzicale suprapuse peste o secven\u021b\u0103 de film. Exemplific\u0103ri \u0219i analiz\u0103 de secven\u021be ce con\u021bin muzic\u0103.<br \/>\n7. Reinventarea filmului \u00een toate etapele de produc\u021bie. Enumerarea c\u00e2torva situa\u021bii de criz\u0103 ce pot ap\u0103rea \u00een activitatea regizoral\u0103. Pitch-ul unui proiect.<br \/>\n8. Concluzii \u0219i \u00eencheiere. Sugestii legate de pa\u0219ii pe care participan\u021bii \u00eei pot urma c\u0103tre realizarea filmelor lor &#8211; rela\u021bia cu produc\u0103torul \u0219i finan\u021batorul, felul \u00een care participan\u021bii ar putea \u00eencepe drumul spre producerea filmelor lor.<\/p>\n<p>Dup\u0103 fiecare \u0219edin\u021b\u0103, participan\u021bii vor primi o tem\u0103 pentru acas\u0103. Fiecare tem\u0103 va fi discutat\u0103 \u00een \u0219edin\u021ba urmatoare, \u00eempreun\u0103 cu trainerul \u0219i ceilalti participan\u021bi. Stilul de lucru este unul informal, sunt \u00eencurajate discu\u021biile \u0219i p\u0103rerile personale, \u00eentr-o atmosfer\u0103 de lucru prietenoas\u0103 \u0219i deschis\u0103 oricui.<\/p>\n<p><strong>N<\/strong><b>u s-a stabilit perioada de desf\u0103\u0219urare a urm\u0103toarei sesiuni.<\/b>\n<\/div>\n<\/div>\n","protected":false},"excerpt":{"rendered":"<p>DIRECTOR\u2019S CUT CURS DE REGIE PENTRU AMATORI Cursul de regie Director&#8217;s Cut se adreseaz\u0103 tuturor pasiona\u021bilor de film, care nu de\u021bin o preg\u0103tire prealabil\u0103 \u00een domeniu. \u00cen cele 8 \u0219edin\u021be de curs, ne propunem s\u0103 analizam teoretic to\u021bi pa\u0219ii urm\u0103ri\u021bi [&hellip;]<\/p>\n","protected":false},"author":2,"featured_media":0,"parent":267,"menu_order":2,"comment_status":"closed","ping_status":"closed","template":"side-navigation.php","meta":{"footnotes":""},"class_list":["post-101","page","type-page","status-publish","hentry"],"jetpack_sharing_enabled":true,"_links":{"self":[{"href":"https:\/\/www.controln.ro\/asociatia-culturala\/wp-json\/wp\/v2\/pages\/101","targetHints":{"allow":["GET"]}}],"collection":[{"href":"https:\/\/www.controln.ro\/asociatia-culturala\/wp-json\/wp\/v2\/pages"}],"about":[{"href":"https:\/\/www.controln.ro\/asociatia-culturala\/wp-json\/wp\/v2\/types\/page"}],"author":[{"embeddable":true,"href":"https:\/\/www.controln.ro\/asociatia-culturala\/wp-json\/wp\/v2\/users\/2"}],"replies":[{"embeddable":true,"href":"https:\/\/www.controln.ro\/asociatia-culturala\/wp-json\/wp\/v2\/comments?post=101"}],"version-history":[{"count":6,"href":"https:\/\/www.controln.ro\/asociatia-culturala\/wp-json\/wp\/v2\/pages\/101\/revisions"}],"predecessor-version":[{"id":1799,"href":"https:\/\/www.controln.ro\/asociatia-culturala\/wp-json\/wp\/v2\/pages\/101\/revisions\/1799"}],"up":[{"embeddable":true,"href":"https:\/\/www.controln.ro\/asociatia-culturala\/wp-json\/wp\/v2\/pages\/267"}],"wp:attachment":[{"href":"https:\/\/www.controln.ro\/asociatia-culturala\/wp-json\/wp\/v2\/media?parent=101"}],"curies":[{"name":"wp","href":"https:\/\/api.w.org\/{rel}","templated":true}]}}