{"id":121,"date":"2014-01-08T11:58:00","date_gmt":"2014-01-08T11:58:00","guid":{"rendered":"http:\/\/www.controln.ro\/asociatia-culturala\/?page_id=121"},"modified":"2016-07-21T11:54:50","modified_gmt":"2016-07-21T11:54:50","slug":"presa","status":"publish","type":"page","link":"https:\/\/www.controln.ro\/asociatia-culturala\/presa\/","title":{"rendered":"presa"},"content":{"rendered":"<div class=\"title\"><h2>2015:<\/h2><div class=\"title-sep-container\"><div class=\"title-sep\"><\/div><\/div><\/div>\n<p><a href=\"http:\/\/www.filmreporter.ro\/15-03-2015-low-budget-nu-e-sinonim-cu-o-industrie-ieftina-ci-cu-scenarii-destepte\/\" target=\"_blank\">LOW BUDGET NU E SINONIM CU O INDUSTRIE IEFTIN\u0102, CI CU SCENARII DE\u0218TEPTE &#8211; INTERVIU CU ANTOINE LE BOS \u0218I JULIEN LILTI &#8211; Film Reporter<\/a><br \/>\n<a href=\"http:\/\/blog.tiff.ro\/povesti-din-casa\/cum-a-fost-la-ttl-uri-interviu-cu-iulia-rugina\/\/\" target=\"_blank\">IULIA RUGINA DESPRE TRANSILVANIA TALENT LAB &#8211; Blog TIFF<\/a><br \/>\n<a href=\"http:\/\/www.ziarulmetropolis.ro\/textele-lui-cristian-popescu-in-liceele-din-bucuresti-prin-telefonul-din-coltul-strazii\/\" target=\"_blank\">TEXTELE LUI CRISTIAN POPESCU \u00ceN<br \/>\nLICEELE DIN BUCURE\u0218TI PRIN TELEFONUL DIN COL\u021aUL STR\u0102ZII &#8211; Ziarul Metropolis<\/a><br \/>\n<a href=\"http:\/\/ileanalucaciu.blogspot.ro\/2016\/01\/telefonul-din-coltul-strazii-liceul.html\" target=\"_blank\">POEZIA, IZVOR DE INSPIRA\u021aIE PENTRU TINERII CREATORI &#8211; Ileana Lucaciu<\/a><\/p>\n<div class=\"title\"><h2>2014:<\/h2><div class=\"title-sep-container\"><div class=\"title-sep\"><\/div><\/div><\/div>\n<p><a href=\"http:\/\/www.filmreporter.ro\/18-03-2014-atelierul-second-draft-un-script-doctor-nu-iti-impune-nimic\/\" target=\"_blank\">UN SCRIPT DOCTOR NU \u00ce\u021aI IMPUNE NIMIC &#8211; Film Reporter<\/a><br \/>\n<a href=\"http:\/\/cutiadecarton.blogspot.ro\/2014\/10\/control-n-pentru-un-nou-inceput.html\" target=\"_blank\">CONTROL N. PENTRU UN NOU \u00ceNCEPUT &#8211; Cutia de Carton<\/a><br \/>\n<a href=\"http:\/\/www.sub25.ro\/film\/oana-ana-si-iulia-in-lumea-larga-2865.html\" target=\"_blank\">OANA, ANA \u0218I IULIA \u00ceN LUMEA LARG\u0102 &#8211; Sub25<\/a><\/p>\n<div class=\"title\"><h2>2013:<\/h2><div class=\"title-sep-container\"><div class=\"title-sep\"><\/div><\/div><\/div>\n<p><a href=\"http:\/\/blog.tiff.ro\/povesti-din-casa\/transilvania-talent-lab-o-insiruire-de-momente-magice\/\" target=\"_blank\">TRANSILVANIA TALENT LAB &#8211; O \u00ceN\u0218IRUIRE DE MOMENTE MAGICE &#8211; Blog TIFF<\/a><br \/>\n<a href=\"http:\/\/www.filmreporter.ro\/28-11-2013-vivi-dragan-vasile-cinefilii-viitorului-o-sa-scoata-din-arhive-niste-hard-uri-care-vor-fi-caramizi-de-tabla-goale\/\" target=\"_blank\">FILM REPORTER \u00ceN DIALOG CU VIVI DR\u0102GAN VASILE &#8211; Film Reporter<\/a><br \/>\n<a href=\"http:\/\/www.ziarulmetropolis.ro\/de-la-love-building-la-cursurile-control-n\/\" target=\"_blank\">CONTROL N: DE LA LOVE BUILDING LA CURSURI DE REGIE \u0218I SCENARISTIC\u0102<\/a><br \/>\n<a href=\"http:\/\/www.ziarulmetropolis.ro\/rugin-rasu-ago-love-building\/\" target=\"_blank\">CU C\u00c2T \u0218TII MAI MULTE DESPRE PERSONAJ, CU AT\u00c2T OMUL \u0102LA E MAI VIU, ARE <i>CARNE<\/i> PE EL \u2013 Ziarul Metropolis<\/a><br \/>\n<a href=\"http:\/\/www.cinemarx.ro\/stiri-cinema\/interviu-cu-iulia-rugina-nu-exista-bun-sau-prost-corect-sau-gresit-exista-conceptia-mea-si-conceptia-ta\/\" target=\"_blank\">NU EXIST\u0102 BUN SAU PROST, CORECT SAU GRE\u0218IT. EXIST\u0102 \u201cCONCEPTIA MEA\u201d \u0218I \u201cCONCEPTIA TA\u201d &#8211; CinemaRX<\/a><br \/>\n<a href=\"http:\/\/www.filmreporter.ro\/13-09-2013-scenaristele-lui-love-building\/\" target=\"_blank\">CUM FACI CA SPECTATORUL S\u0102 SIMT\u0102 CU ADEV\u0102RAT 34 DE PERSONAJE \u00ceN 90 DE MINUTE? \u2013 Film Reporter<\/a><br \/>\n<a href=\"http:\/\/filme.metropotam.ro\/articole-despre-filme\/Interviu-Love-Building-Cele-3-scenariste-vorbesc-despre-momentele-amuzante-din-film-si-iubiri-destra-art41466342\" target=\"_blank\">METROPOTAM \u00ceN DIALOG CU SCENARISTELE \u0218I REGIZOAREA FILMULUI LOVE BUILDING \u2013Metropotam<\/a><\/p>\n<div class=\"title\"><h2>2012:<\/h2><div class=\"title-sep-container\"><div class=\"title-sep\"><\/div><\/div><\/div>\n<p><a href=\"http:\/\/www.filmreporter.ro\/13-02-2012-credeam-ca-fara-o-idee-neaparat-una-de-rastoarna-lumea-nu-se-poate-incepe-un-scenariu\/ \" target=\"_blank\">CREDEAM C\u0102 F\u0102R\u0102 O IDEE, NEAP\u0102RAT UNA DE R\u0102STOARN\u0102 LUMEA, NU PO\u021aI \u00ceNCEPE UN SCENARIU-Film Reporter<\/a><a href=\"http:\/\/www.filmreporter.ro\/13-02-2012-credeam-ca-fara-o-idee-neaparat-una-de-rastoarna-lumea-nu-se-poate-incepe-un-scenariu\/ \" target=\"_blank\"><br \/>\n<\/a><a href=\"http:\/\/www.filmreporter.ro\/07-02-2012-prima-regula-in-scenaristica-scrie-despre-ceea-ce-stii\/\" target=\"_blank\">PRIMA REGUL\u0102 \u00ceN SCENARISTIC\u0102: SCRIE DESPRE CEEA CE \u0218TII \u2013 Film Reporter<\/a><b><br \/>\n<\/b><a href=\"http:\/\/www.filmreporter.ro\/13-03-2012-marius-iacob-incercam-sa-i-intaratam-putin-pe-oamenii-curiosi-sa-i-hranim-cu-revelator-si-fixator\/\" target=\"_blank\">\u00ceNCERC\u0102M S\u0102 \u00ceI HR\u0102NIM PE OAMENI CU REVELATOR \u0218I FIXATOR \u2013 Film Reporter<\/a><br \/>\n<a href=\"http:\/\/editura.liternet.ro\/carte\/292\/Adrian-Munteanu-Florin-Ionescu-Irina-Dobrita-Ava-V-Mina-Sava-Ruxandra-Grecu\/First-Draft-Gri-inchis-Miracol-ADHD-Da-ma-sunt-un-bou-O-zi-buna-Caietul-de-limba-romana.html\" target=\"_blank\">SCRIETI, SCRIETI, SCRIETI! DESPRE ORICE, DAR SCRIETI! \u2013Liternet<\/a><br \/>\n<a href=\"http:\/\/vimeo.com\/38783887\" target=\"_blank\">LIVE ACTION: MEET THE PINHOLE \u2013 Veioza Arte<\/a><br \/>\n<a href=\"http:\/\/www.koolhunt.ro\/iulia-rugina-we-are-young-we-are-free-ne-place-filmul-la-nebunie\/\" target=\"_blank\">WE ARE YOUNG! WE ARE FREE! WE LOVE FILM! \u2013 Koolhunt<br \/>\n<\/a><a href=\"http:\/\/www.filmreporter.ro\/20-04-2012-iulia-rugina-directors-cut-e-un-prim-pas-inainte-de-o-filmare\/\" target=\"_blank\">LUCRURILE \u00ceNV\u0102TATE THE HARD WAY SUNT MAI VALOROASE \u2013Film Reporter<\/a><\/p>\n<div class=\"title\"><h2>2011:<\/h2><div class=\"title-sep-container\"><div class=\"title-sep\"><\/div><\/div><\/div>\n<p><a href=\"http:\/\/veiozaarte.ro\/video\/off-the-rec\/ctrln-prezinta-ateliere-de-film-2011.html\" target=\"_blank\">LIVE ACTION:CURSURILE SI ATELIERELE CONTROL N \u2013 Veioza Arte<\/a><\/p>\n<div class=\"title\"><h2>2010:<\/h2><div class=\"title-sep-container\"><div class=\"title-sep\"><\/div><\/div><\/div>\n<p><a href=\"http:\/\/agenda.liternet.ro\/articol\/13769\/Ana-Agopian\/Povestea-primelor-cinci-editii-ale-First-Draft-curs-de-scenaristica.html\" target=\"_blank\">POVESTEA PRIMELOR CINCI EDITII FIRST DRAFT \u2013 Liternet<\/a><\/p>\n","protected":false},"excerpt":{"rendered":"<p>LOW BUDGET NU E SINONIM CU O INDUSTRIE IEFTIN\u0102, CI CU SCENARII DE\u0218TEPTE &#8211; INTERVIU CU ANTOINE LE BOS \u0218I JULIEN LILTI &#8211; Film Reporter IULIA RUGINA DESPRE TRANSILVANIA TALENT LAB &#8211; Blog TIFF TEXTELE LUI CRISTIAN POPESCU \u00ceN LICEELE [&hellip;]<\/p>\n","protected":false},"author":2,"featured_media":0,"parent":0,"menu_order":0,"comment_status":"closed","ping_status":"closed","template":"","meta":{"footnotes":""},"class_list":["post-121","page","type-page","status-publish","hentry"],"jetpack_sharing_enabled":true,"_links":{"self":[{"href":"https:\/\/www.controln.ro\/asociatia-culturala\/wp-json\/wp\/v2\/pages\/121","targetHints":{"allow":["GET"]}}],"collection":[{"href":"https:\/\/www.controln.ro\/asociatia-culturala\/wp-json\/wp\/v2\/pages"}],"about":[{"href":"https:\/\/www.controln.ro\/asociatia-culturala\/wp-json\/wp\/v2\/types\/page"}],"author":[{"embeddable":true,"href":"https:\/\/www.controln.ro\/asociatia-culturala\/wp-json\/wp\/v2\/users\/2"}],"replies":[{"embeddable":true,"href":"https:\/\/www.controln.ro\/asociatia-culturala\/wp-json\/wp\/v2\/comments?post=121"}],"version-history":[{"count":27,"href":"https:\/\/www.controln.ro\/asociatia-culturala\/wp-json\/wp\/v2\/pages\/121\/revisions"}],"predecessor-version":[{"id":1554,"href":"https:\/\/www.controln.ro\/asociatia-culturala\/wp-json\/wp\/v2\/pages\/121\/revisions\/1554"}],"wp:attachment":[{"href":"https:\/\/www.controln.ro\/asociatia-culturala\/wp-json\/wp\/v2\/media?parent=121"}],"curies":[{"name":"wp","href":"https:\/\/api.w.org\/{rel}","templated":true}]}}