{"id":1423,"date":"2016-07-20T12:28:12","date_gmt":"2016-07-20T12:28:12","guid":{"rendered":"http:\/\/www.controln.ro\/asociatia-culturala\/?page_id=1423"},"modified":"2017-09-26T11:22:03","modified_gmt":"2017-09-26T09:22:03","slug":"dorian","status":"publish","type":"page","link":"https:\/\/www.controln.ro\/asociatia-culturala\/spectacole\/dorian\/","title":{"rendered":"dorian"},"content":{"rendered":"<div class=\"margini\">\n<div class=\"verde\"><strong>DORIAN &#8211; spectacol de dans contemporan<\/strong><\/div>\n<div class=\"verde\">\n<p><a href=\"http:\/\/www.controln.ro\/asociatia-culturala\/wp-content\/uploads\/2016\/07\/Dorian_afis_web.jpg\"><img decoding=\"async\" class=\"alignright wp-image-1876\" src=\"http:\/\/www.controln.ro\/asociatia-culturala\/wp-content\/uploads\/2016\/07\/Dorian_afis_web.jpg\" alt=\"dorian_afis_web\" width=\"226\" height=\"318\" srcset=\"https:\/\/www.controln.ro\/asociatia-culturala\/wp-content\/uploads\/2016\/07\/Dorian_afis_web.jpg 283w, https:\/\/www.controln.ro\/asociatia-culturala\/wp-content\/uploads\/2016\/07\/Dorian_afis_web-213x300.jpg 213w\" sizes=\"(max-width: 226px) 100vw, 226px\" \/><\/a><\/p>\n<p>\u00centr-un context \u00een care dansul contemporan are din ce \u00een ce mai mult\u0103 vizibilitate \u00een peisajul artistic din Rom\u00e2nia, <b>Asocia\u021bia Cultural\u0103 Control N<\/b> anun\u021b\u0103 un nou spectacol: <strong><i>Dorian<\/i><\/strong>, creat de <b>Oana R\u0103suceanu<\/b> \u00een jurul unui singur actor-dansator (<strong>George Albert Costea<\/strong>), prin \u00eembinarea dansului contemporan cu proiec\u021bii multimedia. <i>Dorian<\/i> va fi itinerat \u00een patru spa\u021bii de joc, din patru ora\u0219e diferite: Bucure\u0219ti, Timi\u0219oara, Craiova \u0219i Ploie\u0219ti. Dup\u0103 produc\u021bia din toamna anului trecut a spectacolului <i>Telefonul din col\u021bul str\u0103zii <\/i>(parte a modulului educa\u021bional cu acela\u0219i titlu, dedicat liceenilor din Bucure\u0219ti),<i> <\/i>Control N propune iubitorilor de dans contemporan un nou proiect care s\u0103 \u00eei transpun\u0103 \u00eentr-o lume puternic senzorial\u0103 \u0219i poetic\u0103, dintr-un Bucure\u0219ti aflat \u00eentr-un moment iminent apocaliptic.<\/p>\n<p><i>Dorian<\/i> se construie\u0219te plec\u00e2nd de la o premis\u0103, pe c\u00e2t de absurd\u0103, pe at\u00e2t de puternic\u0103 \u0219i de imposibil de ocolit:\u00a0s\u00e2r\u0219itul lumii va veni \u00een 24 de ore. Pe 5 octombrie 2016. La ora 8.00.\u00a0Dorian tr\u0103ie\u0219te \u00een Bucure\u0219ti \u0219i mai are 24 de ore p\u00e2n\u0103 c\u00e2nd patul, masa, scaunele, televizorul \u0219i restul obiectelor din apartamentul lui nu vor mai exista. Dorian afl\u0103 vestea de la \u0219tiri \u0219i decide s\u0103 petreac\u0103 ultimele 24 de ore la el acas\u0103, singur, a\u0219a cum \u00ee\u0219i tr\u0103ise \u0219i p\u00e2n\u0103 acum via\u021ba de zi cu zi. Spectacolul este construit pe juxtapunerea dansului contemporan cu proiec\u021bii multimedia. Jocul creat \u00eentre mi\u0219carea fizic\u0103, real\u0103, concret\u0103, construit\u0103 sub ochii spectatorului \u0219i imaginile surprinse \u00een proiec\u021biile video va duce c\u0103tre descoperirea trecutului \u0219i prezentului din via\u021ba lui Dorian.<\/p>\n<p>Conceptul, regia \u0219i coregrafia spectacolului sunt semnate de <b>Oana R\u0103suceanu<\/b>. Cu o activitate intens\u0103 ca scenarist de film,<b> <\/b>Oana a absolvit \u00een 2007 un Master \u00een Art\u0103 Coregrafic\u0103 \u00een cadrul UNATC \u0219i de atunci a<b> <\/b>derulat o serie de proiecte \u00een zona teatrului \u0219i dansului, ca scenarist \/ dramaturg, regizor \u0219i coregraf. Printre spectacolele realizate de ea se afl\u0103 <i>Telefonul din col\u021bul str\u0103zii <\/i>(spectacol de teatru-dans, dup\u0103 texte de Cristian Popescu), <i>Dear Diary<\/i> (spectacol de dans, realizat cu sprijinul Teatrului Nottara din Bucure\u0219ti), c\u00e2t \u0219i o serie de spectacole pentru copii.<\/p>\n<p><i>Dorian <\/i>este construit \u00een jurul unui singur actor-dansator: <b>George Albert Costea<\/b>. Membru al colectivului artistic al Teatrului Na\u021bional \u201cMarin Sorescu\u201d Craiova, o prezen\u021b\u0103 constant\u0103 \u00een teatrele bucure\u0219tene (Teatrul Nottara, Teatrul de Comedie, Teatrul Metropolis) \u0219i \u00een spa\u021biul teatrului independent (Godot Caf\u00e9 Teatru, Green Hours, UNTEATRU, Compania D\u2019Aya<i>)<\/i>, George a lucrat cu numero\u0219i regizori, printre care Robert Wilson, Silviu Purc\u0103rete, Peter Schneider, Tim Carroll, Mircea Corni\u0219teanu, Janusz Wisniewski, R\u0103zvan Mazilu sau Vlad Cristache. \u00cen 2016, George a fost nominalizat pentru rolul din <i>The History Boys. Pove\u0219ti cu parfum de liceu<\/i>, \u00een regia lui Vlad Cristache, la Premiul pentru Cel mai bun actor \u00een rol secundar (Gala Premiilor UNITER).<\/p>\n<p>Proiec\u021biile video sunt crea\u021bia echipei formate din Iulia Rugin\u0103, Adrian C\u00e2mpean, Dan Adrian Ionescu \u0219i Mizdan. Dup\u0103 ce a semnat regia \u0219i scenariul a trei lungmetraje (<i>Love Building<\/i>, <i>Alt Love Building<\/i> \u0219i <i>Breaking News<\/i> \u2013 alfat \u00een post-produc\u021bie), precum \u0219i alte numeroase scurt-metraje, <b>Iulia Rugin\u0103<\/b> este acum cea care a realizat conceptul proiec\u021biilor video care creeaz\u0103 atmosfera puternic senzorial\u0103 a vie\u021bii lui Dorian. <b>Adrian C\u00e2mpean<\/b>, un director de imagine german cu origini rom\u00e2ne\u0219ti, a absolvit Universitatea de Televiziune \u0219i Film din Munchen \u0219i a semnat imaginea unor scurt \u0219i medii metraje, premiate la importante festivaluri interna\u021bionale. Arhitectul \u0219i artistul vizual pe parte de video mapping \u0219i realitate vizual\u0103 <b>Dan Adrian Ionescu<\/b>, \u00eempreun\u0103 cu\u00a0<b>Mizdan<\/b>, \u00eentregesc echipa de crea\u021bie a proiec\u021biilor video. Cei doi au mai lucrat \u00eempreun\u0103 pentru video-mapping-ul \u0219i crearea realit\u0103\u021bii vizuale pentru spectacolele <i>O \u00eent\u00e2mplare ciudat\u0103 cu un c\u00e2ine la miezul nop\u021bii<\/i> (Teatrul Na\u021bional Bucure\u0219ti, regia Bobi Pricop)<i> <\/i>\u0219i <i>Kepler \u2013 438b<\/i> (Teatrul Odeon, regia Bobi Pricop). Dan Adrian Ionescu realizeaz\u0103 \u0219i scenografia spectacolului, iar muzica este compus\u0103 de <b>Mihai Dobre<\/b>, membru fondator \u0219i vocal \u0218uie Paparude, cel care a lucrat \u00een zona teatrului, printre al\u021bii, cu Andrea Gavriliu (<i>Hotel PM <\/i>\u2013 Teatrul German de Stat Timi\u0219oara, <i>Dezorient Express<\/i> \u2013 Teatrul Clasic Ioan Slavici Arad, <i>d\u2019ECOurage<\/i> \u2013 Teatrul Na\u021bional Cluj-Napoca) \u0219i Mihai M\u0103niu\u021biu (<i>Iarna<\/i> \u2013 Teatrul Nottara, <i>3 ore dup\u0103 miezul nop\u021bii<\/i> \u2013 Teatrul Tony Bulandra T\u00e2rgovi\u0219te, <i>Golsberg Show<\/i> <i>\u2013 facerea lumii \u0219i alte \u00eent\u00e2mpl\u0103ri<\/i> \u2013 Teatrul Na\u021bional Vasile Alecsandri Ia\u0219i), semn\u00e2nd muzica spectacolelor.<\/p>\n<p>Premiera spectacolului a avut\u00a0loc \u00een data de <b>30 octombrie<\/b>, la teatrul UNTEATRU din Bucure\u0219ti, urmat\u0103 de reprezenta\u021bii \u00een <b>31 octombrie, 1 \u0219i 2 noiembrie <\/b>\u00een acela\u0219i spa\u021biu<b>. <\/b>Alte trei teatre \u2013 Teatrul Na\u021bional \u201cMihai Eminescu\u201d Timi\u0219oara (<b>5 \u0219i 6 noiembrie<\/b>), Teatrul Na\u021bional \u201dMarin Sorescu\u201d Craiova (<b>14 \u0219i 15 noiembrie<\/b>) \u0219i Teatrul &#8220;Toma Caragiu\u201d din Ploie\u0219ti (<b>21 \u0219i 22 noiembrie<\/b>) \u2013 au\u00a0g\u0103zduit \u00eent\u00e2lnirea publicului cu Dorian, oferindu-le spectatorilor ocazia descoperirii unui grup de arti\u0219ti al c\u0103ror scop comun este acela de a le oferi un produs cultural original \u0219i de a-i atrage c\u0103tre viitoare spectacole de dans contemporan.<\/p>\n<p>\u201cPrin dans, imagini video \u0219i muzic\u0103, f\u0103r\u0103 niciun cuv\u00e2nt rostit, <i>Dorian<\/i> este, de fapt, \u00eenainte de orice, o poveste despre cuvinte. Cele pe care nu le spunem niciodat\u0103 \u0219i pe care atunci c\u00e2nd ne facem curaj s\u0103 le spunem, dac\u0103 ne facem vreodat\u0103 curaj pentru asta, e deja pu\u021bin prea t\u00e2rziu.\u201d, Oana R\u0103suceanu despre spectacolul <i>Dorian<\/i>.<\/p>\n<p>Pasiona\u021bii de dans contemporan \u0219i teatru din Bucure\u0219ti vor avea 3 ocazii s\u0103 vad\u0103 spectacolul \u00een aceast\u0103 toamn\u0103, la Teatrul Odeon, sala Studio:<\/p>\n<p>30 septembrie | 19:30<br \/>\nBilete pe: <a href=\"https:\/\/bilete.teatrul-odeon.ro\/Step10_ChooseShow.aspx?FILTER_SHOW=1153\">bilete.teatrul-odeon.ro<\/a><\/p>\n<p>Reprezenta\u021bii \u00een cadrul Festivalului Na\u021bional de Teatru:<br \/>\n22 octombrie | 22:00<br \/>\n23 octombrie | 20:00<br \/>\nBilete pe: <a href=\"https:\/\/www.mystage.ro\/spectacole\/FNT-689\">https:\/\/www.mystage.ro\/spectacole\/FNT-689<\/a><\/p>\n<p>Spectacolul se va mai putea vedea \u00een aceast\u0103 toamn\u0103 \u0219i la Tulcea, pe 2 octombrie, \u00een cadrul Festivalului Tragos, organizat de Centrul Cultural Jean Bart, \u00eentr-un turneu cofinan\u021bat din bugetul local al Municipiului Tulcea.<br \/>\n\u00cen data de 14 octombrie <strong>DORIAN<\/strong> porne\u0219te \u00een turneul na\u021bional \u0219i poate fi v\u0103zut, \u00een lunile octombrie \u0219i noiembrie, pe scenele teatrelor din Buz\u0103u, Cluj, T\u00e2rgu Mure\u0219 \u0219i Sibiu.<\/p>\n<p>Proiect cultural co-finan\u0163at de <b>Administra\u0163ia Fondului Cultural Na\u0163ional<i>.<\/i><\/b><i> <\/i><br \/>\nProiect cultural finan\u021bat de <b>Ministerul Culturii<\/b>.<\/p>\n<p><strong>Proiectul nu reprezint\u0103 \u00een mod necesar pozi\u0163ia Administra\u021biei Fondului Cultural Na\u021bional. AFCN nu este responsabil\u0103 de con\u021binutul proiectului sau de modul \u00een care rezultatele proiectului pot fi folosite. Acestea sunt \u00een \u00eentregime responsabilitea beneficiarului fina\u021b\u0103rii.<\/strong><\/p>\n<p>Asocia\u021bia Cultural\u0103 Control N mul\u021bume\u0219te Make a Point \u0219i partenerilor media: Zile \u0219i Nop\u021bi, Cinemap, Sunete, Cinemagia, Film Reporter, Cinefan, Liternet, Blogul Lu\u2019 Otrav\u0103, Bazavan.ro, Ziarul Metropolis, AaRC.ro &#8211; All about Romanian Cinema, Filme C\u0103r\u021bi.<\/p>\n<\/div>\n<\/div>\n","protected":false},"excerpt":{"rendered":"<p>DORIAN &#8211; spectacol de dans contemporan \u00centr-un context \u00een care dansul contemporan are din ce \u00een ce mai mult\u0103 vizibilitate \u00een peisajul artistic din Rom\u00e2nia, Asocia\u021bia Cultural\u0103 Control N anun\u021b\u0103 un nou spectacol: Dorian, creat de Oana R\u0103suceanu \u00een jurul [&hellip;]<\/p>\n","protected":false},"author":2,"featured_media":0,"parent":1419,"menu_order":0,"comment_status":"closed","ping_status":"closed","template":"side-navigation.php","meta":{"footnotes":""},"class_list":["post-1423","page","type-page","status-publish","hentry"],"jetpack_sharing_enabled":true,"_links":{"self":[{"href":"https:\/\/www.controln.ro\/asociatia-culturala\/wp-json\/wp\/v2\/pages\/1423","targetHints":{"allow":["GET"]}}],"collection":[{"href":"https:\/\/www.controln.ro\/asociatia-culturala\/wp-json\/wp\/v2\/pages"}],"about":[{"href":"https:\/\/www.controln.ro\/asociatia-culturala\/wp-json\/wp\/v2\/types\/page"}],"author":[{"embeddable":true,"href":"https:\/\/www.controln.ro\/asociatia-culturala\/wp-json\/wp\/v2\/users\/2"}],"replies":[{"embeddable":true,"href":"https:\/\/www.controln.ro\/asociatia-culturala\/wp-json\/wp\/v2\/comments?post=1423"}],"version-history":[{"count":14,"href":"https:\/\/www.controln.ro\/asociatia-culturala\/wp-json\/wp\/v2\/pages\/1423\/revisions"}],"predecessor-version":[{"id":2116,"href":"https:\/\/www.controln.ro\/asociatia-culturala\/wp-json\/wp\/v2\/pages\/1423\/revisions\/2116"}],"up":[{"embeddable":true,"href":"https:\/\/www.controln.ro\/asociatia-culturala\/wp-json\/wp\/v2\/pages\/1419"}],"wp:attachment":[{"href":"https:\/\/www.controln.ro\/asociatia-culturala\/wp-json\/wp\/v2\/media?parent=1423"}],"curies":[{"name":"wp","href":"https:\/\/api.w.org\/{rel}","templated":true}]}}