{"id":1558,"date":"2016-07-21T12:13:22","date_gmt":"2016-07-21T12:13:22","guid":{"rendered":"http:\/\/www.controln.ro\/asociatia-culturala\/?page_id=1558"},"modified":"2016-11-17T07:21:35","modified_gmt":"2016-11-17T07:21:35","slug":"participanti-lim","status":"publish","type":"page","link":"https:\/\/www.controln.ro\/asociatia-culturala\/workshop-uri\/lim\/lim-2015-romania\/participanti-lim\/","title":{"rendered":"participanti LIM"},"content":{"rendered":"<div class=\"margini\">\n<div class=\"verde\"><span style=\"line-height: 1.5em;\"><strong>PARTICIPAN\u021aI LIM<\/strong><\/span><strong>ANA BOARIU &#8211; Faliment personal<\/strong><\/p>\n<p>Ana Boariu este regizor, absolvent\u0103 UNATC, sec\u021bia regie teatru \u00een 1994. A lucrat aproape 10 ani \u00een televiziune \u0219i paralel \u00een teatru, iar \u00een 2009, a realizat documentarul \u201cFratelui meu din exil &#8211; epoca stalinist\u0103 povestit\u0103 prin scrisorile lui Vladimir Ghika\u201d, co-produc\u021bie rom\u00e2no-francez\u0103, distins cu premiul UCIN. \u00cen ultimii ani, s-a \u00eendreptat spre filmul de fic\u021biune, lucr\u00e2nd \u00een echipe de produc\u021bie la FAV \u0219i Hifilm \u0219i realiz\u00e2nd \u00een 2015 un prim scurt-metraj, \u201cCastane \u0219i ghinde\u201d.<\/p>\n<p><strong> ANDREEA BOR\u021aUN &#8211; A car ride<\/strong><\/p>\n<p>Andreea Bortun este absolvent\u0103 a UNATC, Bucure\u0219ti, Bard College Berlin \u0219i alumna mai multor programe interna\u021bionale de formare \u00een domeniul scenaristicii. Debutul s\u0103u regizoral (Love Locker &#8211; un proiect finan\u021bat de Canon, \u00een parteneriat cu Berlinale Talents) a fost distins cu un premiu al postului de televiziune France 3. Andreea lucreaz\u0103 ca \u0219i consultant pe scenarii \u0219i este \u00een prezent \u00een dezvoltare cu cel de-al doilea scenariu de lung-metraj. Este curatoarea reziden\u021bei de scriitur\u0103 Pustnik, iar recent a debutat ca dramaturg \u00eentr-un spectacol regizat de Neil LaBute.<\/p>\n<p><strong> ANDREI GRUZSNICZKI &#8211; Strania poveste a lui Darav\u0103\u021b, b\u0103tr\u00e2nul care a v\u0103zut spirite<\/strong><\/p>\n<p>2014 Regizor\/Scenarist scurt metraj O fapt\u0103 bun\u0103<br \/>\n2012 Regizor\/Scenarist lung metraj Q.E.D.<br \/>\n2008 Regizor\/Scenarist lung metraj Cealalt\u0103 Irina<br \/>\n2007 Regizor\/Scenarist scurt metraj Cronica unei mor\u021bi am\u00eenate<br \/>\n1998\/2000 Asistent Actorie de Film la Academia de Teatru si Film, Bucuresti<br \/>\n1997 Regizor Teatru piesa Tres sombreros de copa, de Miguel Mihura, la Teatrul Dramatic din Baia Mare<br \/>\n1990 &#8211; 1994 Academia de Teatru \u0219i Film, Bucure\u0219ti &#8211; Diploma Regie de Film \u0219i TV<\/p>\n<p><strong> CIPRI POP &#8211; Venus Felix<\/strong><\/p>\n<p>N\u0103scut \u0219i crescut \u00een Zal\u0103u, un ora\u0219 mic \u0219i bl\u00e2nd. A dezvoltat pasiunea pentru scenaristic\u0103 \u00een anii facult\u0103\u021bii (Politehnica Cluj-Napoca). Cu primul scenariu a reu\u0219it s\u0103 fie selectat la o sesiune de pitching din cadrul TIFF 2008. A fost momentul care l-a f\u0103cut s\u0103 \u00ee\u0219i doreasc\u0103 s\u0103 devin\u0103 scenarist. Din 2009 locuie\u0219te \u00een Cipru, unde profeseaz\u0103 ca inginer, \u00eentre\u021bine o gr\u0103din\u0103, joac\u0103 ultimate frisbee \u0219i scrie scenarii. Urm\u0103torul pas e, Londra sau poate Los Angeles.<\/p>\n<p><strong> GEORGIANA-ADRIANA VOICU &#8211; Escape your life<\/strong><\/p>\n<p>Georgiana-Adriana Voicu s-a n\u0103scut \u00een 1980, \u00een Bucure\u0219ti. Licen\u021biat\u0103 ca economist \u00een 2003, a ales, \u00eens\u0103 s\u0103 profeseze ca PR Manager p\u00e2n\u0103 \u00een 2010 \u0219i apoi ca Online Marketing Consultant p\u00e2n\u0103 \u00een 2014. \u00cen 2011 a urmat cursuri de actorie \u0219i a jucat \u00eentr-un scurt metraj, dar \u0219i cursuri de scenaristic\u0103 \u0219i a scris primul s\u0103u scenariu de scurt metraj: Da, m\u0103 sunt un bou!. \u00centre 2014 \u0219i 2015 a finalizat \u00eenc\u0103 trei scenarii de scurt metraj: Smells like freedom, Ori \u0219tii, ori nu \u0219tii \u0219i Frica te face prost.<\/p>\n<p><strong> IOANA MORARU &#8211; \u00cen\u0103untru<\/strong><\/p>\n<p>Ioana are 26 de ani. Este din Bucure\u0219ti. Dup\u0103 liceu, a \u00eenceput s\u0103 studieze medicina, dar a renun\u021bat \u00een al patrulea an, din simplul motiv c\u0103 nu \u00eei pl\u0103cea. A fost o decizie grea, av\u00e2nd \u00een vedere c\u00e2t timp \u0219i energie investise. Acum este \u00een ultimul an la facultatea de film, unde studiaz\u0103 scenaristic\u0103 \u0219i filmologie. \u00ce\u0219i dore\u0219te s\u0103 scrie scenarii, dar studiile de film sunt o parte important\u0103 a form\u0103rii sale, av\u00e2nd \u00een vedere c\u0103 \u00een ultimii trei ani a fost un colaborator permanent al Film Menu, revista editat\u0103 de studen\u021bii facult\u0103\u021bii de film.<\/p>\n<p><strong> DAN RADU MIHAI &#8211; Supravie\u021buitorul<\/strong><\/p>\n<p>Dan Radu Mihai este un regizor \u0219i scenarist rom\u00e2n. Dup\u0103 15 ani petrecu\u021bi \u00een publicitate \u0219i industria media, \u00een 2009 a absolvit Universitatea Media, sec\u021bia Regie Film \u0219i Televiziune. De atunci a regizat trei scurtmetraje \u0219i mai multe reclame \u0219i filme comerciale. Cel mai recent scurtmetraj, Sthorzina, care a reprezentat Rom\u00e2nia \u00een Competi\u021bia Interna\u021bional\u0103 a Festivalului de Film de la Clermont Ferrand, este prima parte dintr-o trilogie dedicat\u0103 trecerii de la v\u00e2rsta copil\u0103riei la adolescen\u021b\u0103. A doua parte a acestei trilogii (Striptease) va fi filmat\u0103 \u00een septembrie 2015. \u00cen prezent lucreaz\u0103 la dezvoltarea primului proiect de lung metraj: Suprevie\u021buitorul.<\/p>\n<p><strong> RUXANDRA GHI\u021aESCU &#8211; Otto Barbarul<\/strong><\/p>\n<p>Ruxandra Ghi\u021bescu (n\u0103scut\u0103 pe 21 iulie 1981 \u00een Constan\u021ba, Rom\u00e2nia) este artist vizual, absolvent\u0103 a Media Art School, Hochschule fur Gestaltung in Karlsruhe, Germania (2012). A regizat mai multe scurt metraje ce au fost selectate \u00een festivaluri de film precum Sofia International Film Festival, Cottbus International Film Festival, Transilvania International Film Festival, Cork Film Festival, Lago Film Festival \u0219i altele. Ca scenarist, a fost unul dintre participan\u021bii workshop-urilor de dezvoltare de scenarii de lung metraj \u201cSecven\u021be\u201d, tutori R\u0103zvan R\u0103dulescu, Alex Baciu &#8211; Bucure\u0219ti 2012 \u0219i Script Circle-Solace 23, tutor Franz Rodenkirchen &#8211; Berlin. \u00cen 2014 a participat la Transilvania Talent Lab, Cluj Napoca \u0219i la Sarajevo Talents, Sarajevo International Film Festival, iar \u00een 2015 la Berlinale Talents. Lucreaz\u0103 \u00een cinematografie din 2008.<\/p>\n<\/div>\n<\/div>\n","protected":false},"excerpt":{"rendered":"<p>PARTICIPAN\u021aI LIMANA BOARIU &#8211; Faliment personal Ana Boariu este regizor, absolvent\u0103 UNATC, sec\u021bia regie teatru \u00een 1994. A lucrat aproape 10 ani \u00een televiziune \u0219i paralel \u00een teatru, iar \u00een 2009, a realizat documentarul \u201cFratelui meu din exil &#8211; epoca [&hellip;]<\/p>\n","protected":false},"author":2,"featured_media":0,"parent":1127,"menu_order":0,"comment_status":"closed","ping_status":"closed","template":"side-navigation.php","meta":{"footnotes":""},"class_list":["post-1558","page","type-page","status-publish","hentry"],"jetpack_sharing_enabled":true,"_links":{"self":[{"href":"https:\/\/www.controln.ro\/asociatia-culturala\/wp-json\/wp\/v2\/pages\/1558","targetHints":{"allow":["GET"]}}],"collection":[{"href":"https:\/\/www.controln.ro\/asociatia-culturala\/wp-json\/wp\/v2\/pages"}],"about":[{"href":"https:\/\/www.controln.ro\/asociatia-culturala\/wp-json\/wp\/v2\/types\/page"}],"author":[{"embeddable":true,"href":"https:\/\/www.controln.ro\/asociatia-culturala\/wp-json\/wp\/v2\/users\/2"}],"replies":[{"embeddable":true,"href":"https:\/\/www.controln.ro\/asociatia-culturala\/wp-json\/wp\/v2\/comments?post=1558"}],"version-history":[{"count":8,"href":"https:\/\/www.controln.ro\/asociatia-culturala\/wp-json\/wp\/v2\/pages\/1558\/revisions"}],"predecessor-version":[{"id":1909,"href":"https:\/\/www.controln.ro\/asociatia-culturala\/wp-json\/wp\/v2\/pages\/1558\/revisions\/1909"}],"up":[{"embeddable":true,"href":"https:\/\/www.controln.ro\/asociatia-culturala\/wp-json\/wp\/v2\/pages\/1127"}],"wp:attachment":[{"href":"https:\/\/www.controln.ro\/asociatia-culturala\/wp-json\/wp\/v2\/media?parent=1558"}],"curies":[{"name":"wp","href":"https:\/\/api.w.org\/{rel}","templated":true}]}}