{"id":2091,"date":"2017-09-26T10:24:38","date_gmt":"2017-09-26T08:24:38","guid":{"rendered":"http:\/\/www.controln.ro\/asociatia-culturala\/?page_id=2091"},"modified":"2018-10-03T23:40:01","modified_gmt":"2018-10-03T21:40:01","slug":"disco-btt","status":"publish","type":"page","link":"https:\/\/www.controln.ro\/asociatia-culturala\/expozitii\/disco-btt\/","title":{"rendered":"disco BTT"},"content":{"rendered":"<p>Asocia\u021bia Cultural\u0103 Control N v\u0103 invit\u0103 la o c\u0103l\u0103torie \u00een timp, odat\u0103 cu organizarea expozi\u021biei multimedia DISCO BTT \u2013 Discotecile Comuniste.<\/p>\n<p><a href=\"http:\/\/www.controln.ro\/asociatia-culturala\/wp-content\/uploads\/2018\/08\/DISCO_fb_page_cover.jpg\"><img decoding=\"async\" class=\"wp-image-2247 alignleft\" src=\"http:\/\/www.controln.ro\/asociatia-culturala\/wp-content\/uploads\/2018\/08\/DISCO_fb_page_cover-1024x573.jpg\" alt=\"\" width=\"632\" height=\"355\" srcset=\"https:\/\/www.controln.ro\/asociatia-culturala\/wp-content\/uploads\/2018\/08\/DISCO_fb_page_cover-1024x573.jpg 1024w, https:\/\/www.controln.ro\/asociatia-culturala\/wp-content\/uploads\/2018\/08\/DISCO_fb_page_cover-300x168.jpg 300w\" sizes=\"(max-width: 632px) 100vw, 632px\" \/><\/a><\/p>\n<p>&nbsp;<\/p>\n<p style=\"text-align: left;\">Expozi\u0163ia \u00ee\u015fi propune s\u0103 redea, cu ajutorul unor multiple mijloace vizuale, o parte din istoria recent\u0103 a Rom\u00e2niei, despre care nu exist\u0103 \u00een prezent o documenta\u0163ie foarte clar\u0103, ea r\u0103m\u00e2n\u00e2nd doar \u00een memoria genera\u0163iilor care au tr\u0103it-o: perioada anilor \u201970-\u201880.<\/p>\n","protected":false},"excerpt":{"rendered":"<p>Asocia\u021bia Cultural\u0103 Control N v\u0103 invit\u0103 la o c\u0103l\u0103torie \u00een timp, odat\u0103 cu organizarea expozi\u021biei multimedia DISCO BTT \u2013 Discotecile Comuniste. &nbsp; Expozi\u0163ia \u00ee\u015fi propune s\u0103 redea, cu ajutorul unor multiple mijloace vizuale, o parte din istoria recent\u0103 a Rom\u00e2niei, [&hellip;]<\/p>\n","protected":false},"author":2,"featured_media":0,"parent":2299,"menu_order":0,"comment_status":"closed","ping_status":"closed","template":"side-navigation.php","meta":{"footnotes":""},"class_list":["post-2091","page","type-page","status-publish","hentry"],"jetpack_sharing_enabled":true,"_links":{"self":[{"href":"https:\/\/www.controln.ro\/asociatia-culturala\/wp-json\/wp\/v2\/pages\/2091","targetHints":{"allow":["GET"]}}],"collection":[{"href":"https:\/\/www.controln.ro\/asociatia-culturala\/wp-json\/wp\/v2\/pages"}],"about":[{"href":"https:\/\/www.controln.ro\/asociatia-culturala\/wp-json\/wp\/v2\/types\/page"}],"author":[{"embeddable":true,"href":"https:\/\/www.controln.ro\/asociatia-culturala\/wp-json\/wp\/v2\/users\/2"}],"replies":[{"embeddable":true,"href":"https:\/\/www.controln.ro\/asociatia-culturala\/wp-json\/wp\/v2\/comments?post=2091"}],"version-history":[{"count":5,"href":"https:\/\/www.controln.ro\/asociatia-culturala\/wp-json\/wp\/v2\/pages\/2091\/revisions"}],"predecessor-version":[{"id":2249,"href":"https:\/\/www.controln.ro\/asociatia-culturala\/wp-json\/wp\/v2\/pages\/2091\/revisions\/2249"}],"up":[{"embeddable":true,"href":"https:\/\/www.controln.ro\/asociatia-culturala\/wp-json\/wp\/v2\/pages\/2299"}],"wp:attachment":[{"href":"https:\/\/www.controln.ro\/asociatia-culturala\/wp-json\/wp\/v2\/media?parent=2091"}],"curies":[{"name":"wp","href":"https:\/\/api.w.org\/{rel}","templated":true}]}}