{"id":2313,"date":"2018-10-03T23:45:06","date_gmt":"2018-10-03T21:45:06","guid":{"rendered":"http:\/\/www.controln.ro\/asociatia-culturala\/?page_id=2313"},"modified":"2018-11-19T16:29:43","modified_gmt":"2018-11-19T14:29:43","slug":"locatii-expozitie","status":"publish","type":"page","link":"https:\/\/www.controln.ro\/asociatia-culturala\/expozitii\/acsinte-100\/locatii-expozitie\/","title":{"rendered":"loca\u021bii expozi\u021bie"},"content":{"rendered":"<p>\u00cen perioada <strong>10 octombrie \u2013 4 decembrie<\/strong>, publicul pasionat de istorie \u0219i fotografie va avea ocazia s\u0103 viziteze expozi\u021biile temporare ale fotografiilor din colec\u021bia Costic\u0103 Acsinte, organizate \u00een 8 ora\u0219e din \u021bar\u0103, \u00een cadrul proiectului <strong>ACSINTE.100. <\/strong><\/p>\n<p>Expozi\u021bia cuprinde 100 de fotografii semnate de Costic\u0103 Acsinte cu scene de r\u0103zboi, portrete de militari rom\u00e2ni \u0219i fr\u00e2nturi din via\u021ba de zi cu zi a ora\u0219ului Slobozia de la \u00eenceputul secolului 20 \u0219i va fi itinerat\u0103 la <strong>Pite\u0219ti, Slobozia, Ia\u0219i, Constan\u021ba, Timi\u0219oara, Alba Iulia, Cluj-Napoca,<\/strong> \u0219i, \u00een final, la \u00eenceputul lunii decembrie, la <strong>Bucure\u0219ti. <\/strong>Fotografii \u00een format print \u0219i digital vor fi expuse \u00eentr-un spa\u021biu expozi\u021bional al c\u0103rui concept original \u00eembin\u0103 elemente de multimedia cu lucr\u0103rile fotografice semnate de Costic\u0103 Acsinte.<\/p>\n<p><strong>ACSINTE. 100<\/strong> este un proiect organizat de Asocia\u021bia Cultural\u0103 Control N \u0219i finan\u021bat de Ministerul Culturii \u0219i Identit\u0103\u021bii Na\u021bionale, \u00een cadrul manifest\u0103rilor dedicate Centenarului.<\/p>\n<p><strong>Calendarul complet al expozi\u021biei ACSINTE.100<\/strong><\/p>\n<p>PITE\u0218TI &#8211; Funda\u021bia Cultural\u0103 Ilfoveanu &#8211; 10 &#8211; 13 octombrie 2018<br \/>\nSLOBOZIA &#8211; Centrul Cultural UNESCO Ionel Perlea \u2013 23 &#8211; 26 octombrie 2018<br \/>\nIA\u0218I &#8211; Galeriile Dana &#8211; 28 &#8211; 30 octombrie 2018<br \/>\nCONSTAN\u021aA &#8211; Muzeul de Art\u0103 Constan\u021ba &#8211; 1- 3 noiembrie 2018<br \/>\nTIMI\u0218OARA &#8211; Miscellaneous Art Center &#8211; 12 &#8211; 15 noiembrie 2018<br \/>\nALBA IULIA &#8211; Casa Forum &#8211; 22 &#8211; 25 noiembrie 2018<br \/>\nCLUJ &#8211; NAPOCA &#8211; Turnul Croitorilor &#8211; 27 &#8211; 29 noiembrie 2018<br \/>\nBUCURE\u0218TI &#8211; Casa Dacia &#8211; 1 &#8211; 4 decembrie 2018<\/p>\n","protected":false},"excerpt":{"rendered":"<p>\u00cen perioada 10 octombrie \u2013 4 decembrie, publicul pasionat de istorie \u0219i fotografie va avea ocazia s\u0103 viziteze expozi\u021biile temporare ale fotografiilor din colec\u021bia Costic\u0103 Acsinte, organizate \u00een 8 ora\u0219e din \u021bar\u0103, \u00een cadrul proiectului ACSINTE.100. Expozi\u021bia cuprinde 100 de [&hellip;]<\/p>\n","protected":false},"author":2,"featured_media":0,"parent":2303,"menu_order":0,"comment_status":"closed","ping_status":"closed","template":"side-navigation.php","meta":{"footnotes":""},"class_list":["post-2313","page","type-page","status-publish","hentry"],"jetpack_sharing_enabled":true,"_links":{"self":[{"href":"https:\/\/www.controln.ro\/asociatia-culturala\/wp-json\/wp\/v2\/pages\/2313","targetHints":{"allow":["GET"]}}],"collection":[{"href":"https:\/\/www.controln.ro\/asociatia-culturala\/wp-json\/wp\/v2\/pages"}],"about":[{"href":"https:\/\/www.controln.ro\/asociatia-culturala\/wp-json\/wp\/v2\/types\/page"}],"author":[{"embeddable":true,"href":"https:\/\/www.controln.ro\/asociatia-culturala\/wp-json\/wp\/v2\/users\/2"}],"replies":[{"embeddable":true,"href":"https:\/\/www.controln.ro\/asociatia-culturala\/wp-json\/wp\/v2\/comments?post=2313"}],"version-history":[{"count":4,"href":"https:\/\/www.controln.ro\/asociatia-culturala\/wp-json\/wp\/v2\/pages\/2313\/revisions"}],"predecessor-version":[{"id":2338,"href":"https:\/\/www.controln.ro\/asociatia-culturala\/wp-json\/wp\/v2\/pages\/2313\/revisions\/2338"}],"up":[{"embeddable":true,"href":"https:\/\/www.controln.ro\/asociatia-culturala\/wp-json\/wp\/v2\/pages\/2303"}],"wp:attachment":[{"href":"https:\/\/www.controln.ro\/asociatia-culturala\/wp-json\/wp\/v2\/media?parent=2313"}],"curies":[{"name":"wp","href":"https:\/\/api.w.org\/{rel}","templated":true}]}}