{"id":2354,"date":"2019-05-02T19:12:51","date_gmt":"2019-05-02T17:12:51","guid":{"rendered":"http:\/\/www.controln.ro\/asociatia-culturala\/?page_id=2354"},"modified":"2019-07-01T20:09:41","modified_gmt":"2019-07-01T18:09:41","slug":"arcs-summer-camp-2019","status":"publish","type":"page","link":"https:\/\/www.controln.ro\/asociatia-culturala\/workshop-uri\/arcs-summer-camp\/arcs-summer-camp-2019\/","title":{"rendered":"arcs summer camp 2019"},"content":{"rendered":"\n<p><strong>ARCS Summer Camp edi\u021bia a II-a<\/strong> va\u00a0 avea loc \u00een perioada <strong>15 &#8211; 26 iulie 2019 <\/strong>la <strong>University of Washington<\/strong>, cu sprijinul local oferit de Ellison Center for Russian, <strong>East European and Central Asian Studies (REECAS)<\/strong> \u0219i <strong>Seattle International Film Festival (SIFF)<\/strong>. Activit\u0103\u021bile taberei vor fi coordonate, ca \u0219i \u00een anul precedent, de <strong>regizoarea \u0219i scenarista Iulia Rugin\u0103<\/strong> \u0219i <strong>actri\u021ba Ioana Flora<\/strong> \u0219i vor cuprinde jocuri interactive de actorie, scriere creativ\u0103, fotografie, filmare \u0219i editare. Tab\u0103ra se va finaliza cu 4 filme de scurt metraj, realizate \u00een totalitate de copii \u0219i vorbite \u00een limba rom\u00e2n\u0103. Filmele rezultate, precum \u0219i un scurt making-of al taberei, vor fi prezentate publicului din Seattle pe 28 iulie, la <strong>Centrul Rom\u00e2nesc de la Biserica Sfin\u021bii Trei Ierarhi<\/strong> \u0219i \u00een cadrul celei de-a 6-a edi\u021bii ale <strong>Romanian Film Festival in Seattle, <\/strong>\u00een toamna acestui an<strong>, la SIFF Cinema Uptown.<\/strong><\/p>\n\n\n\n<figure class=\"wp-block-image\"><img decoding=\"async\" width=\"1000\" height=\"667\" src=\"http:\/\/www.controln.ro\/asociatia-culturala\/wp-content\/uploads\/2019\/05\/ARCS-SUMMER-CAMP-2018_3_foto-credit-Edi-Prava\u0306t\u0326.jpg\" alt=\"\" class=\"wp-image-2350\" srcset=\"https:\/\/www.controln.ro\/asociatia-culturala\/wp-content\/uploads\/2019\/05\/ARCS-SUMMER-CAMP-2018_3_foto-credit-Edi-Prava\u0306t\u0326.jpg 1000w, https:\/\/www.controln.ro\/asociatia-culturala\/wp-content\/uploads\/2019\/05\/ARCS-SUMMER-CAMP-2018_3_foto-credit-Edi-Prava\u0306t\u0326-300x200.jpg 300w, https:\/\/www.controln.ro\/asociatia-culturala\/wp-content\/uploads\/2019\/05\/ARCS-SUMMER-CAMP-2018_3_foto-credit-Edi-Prava\u0306t\u0326-768x512.jpg 768w\" sizes=\"(max-width: 1000px) 100vw, 1000px\" \/><\/figure>\n\n\n\n<p>Anul acesta, tab\u0103ra se desf\u0103\u0219oar\u0103 sub deviza <strong>Romanian Role Models <\/strong>(Personalit\u0103\u021bi Rom\u00e2ne\u0219ti de Excep\u021bie). Cei 20 de participan\u021bi la tab\u0103r\u0103 vor descoperi \u201csuper-eroi\u201d apar\u021bin\u00e2nd culturii rom\u00e2ne\u0219ti, care au influen\u021bat soarta lumii prin curajul, viziunea \u0219i talentul lor, personalit\u0103\u021bi precum Regina Maria, Ana Aslan, Geta Br\u0103tescu, Henri Coand\u0103, Petrache Poenaru, Constantin Br\u00e2ncu\u0219i \u0219i mul\u021bi al\u021bii. Proiectul are ca obiectiv principal asumarea apartenen\u021bei la identitatea rom\u00e2neasc\u0103 prin asimilarea emo\u021bional\u0103 a valorilor na\u021bionale \u0219i consolidarea comunit\u0103\u021bii de rom\u00e2ni din zon\u0103. Printr-un tip de educa\u021bie non-formal\u0103 (joc, teatru, film, pictur\u0103, dans), asista\u021bi de tutori cu experien\u021b\u0103, copiii \u00ee\u0219i vor asuma \u0219i \u00eembr\u0103\u021bi\u0219a identitatea rom\u00e2neasc\u0103, vor descoperi valorile \u0219i tradi\u021biile \u021b\u0103rii din care provin, vor exersa limba rom\u00e2n\u0103 \u0219i vor valorifica biculturalismul care \u00eei caracterizeaz\u0103.<\/p>\n\n\n\n<figure class=\"wp-block-image\"><img decoding=\"async\" width=\"1024\" height=\"576\" src=\"http:\/\/www.controln.ro\/asociatia-culturala\/wp-content\/uploads\/2019\/05\/BannerSummerCamp2019-1024x576.jpg\" alt=\"\" class=\"wp-image-2355\" srcset=\"https:\/\/www.controln.ro\/asociatia-culturala\/wp-content\/uploads\/2019\/05\/BannerSummerCamp2019-1024x576.jpg 1024w, https:\/\/www.controln.ro\/asociatia-culturala\/wp-content\/uploads\/2019\/05\/BannerSummerCamp2019-300x169.jpg 300w, https:\/\/www.controln.ro\/asociatia-culturala\/wp-content\/uploads\/2019\/05\/BannerSummerCamp2019-768x432.jpg 768w, https:\/\/www.controln.ro\/asociatia-culturala\/wp-content\/uploads\/2019\/05\/BannerSummerCamp2019.jpg 1920w\" sizes=\"(max-width: 1024px) 100vw, 1024px\" \/><\/figure>\n\n\n\n<p>Echipei de tutori i se al\u0103tur\u0103 \u00een acest an \u0219i <strong>Toto Horvath<\/strong>, cunoscut publicului din\nfilmul documentar <strong><em>Toto \u0219i surorile lui <\/em><\/strong>(2014, regia: Alexandru Nan\u0103u), \u00een prezent\nun talentat actor, dansator \u0219i fotograf, membru al trupei de teatru Playhood\ndin Bucure\u0219ti.<\/p>\n\n\n\n<p>Tab\u0103ra include o vizit\u0103 la <strong>Maryhill Museum<\/strong>, singurul muzeu dedicat vizitei Reginei Maria \u00een\nzona Pacific Northwest \u00een anul 1927, unde copiii vor putea descoperi colec\u021bia\nReginei Maria.<\/p>\n\n\n\n<figure class=\"wp-block-image\"><img decoding=\"async\" width=\"1000\" height=\"667\" src=\"http:\/\/www.controln.ro\/asociatia-culturala\/wp-content\/uploads\/2019\/05\/ARCS-SUMMER-CAMP-2018_1_foto-credit-Edi-Prava\u0306t\u0326.jpg\" alt=\"\" class=\"wp-image-2349\" srcset=\"https:\/\/www.controln.ro\/asociatia-culturala\/wp-content\/uploads\/2019\/05\/ARCS-SUMMER-CAMP-2018_1_foto-credit-Edi-Prava\u0306t\u0326.jpg 1000w, https:\/\/www.controln.ro\/asociatia-culturala\/wp-content\/uploads\/2019\/05\/ARCS-SUMMER-CAMP-2018_1_foto-credit-Edi-Prava\u0306t\u0326-300x200.jpg 300w, https:\/\/www.controln.ro\/asociatia-culturala\/wp-content\/uploads\/2019\/05\/ARCS-SUMMER-CAMP-2018_1_foto-credit-Edi-Prava\u0306t\u0326-768x512.jpg 768w\" sizes=\"(max-width: 1000px) 100vw, 1000px\" \/><\/figure>\n\n\n\n<p>Mai multe detalii despre proiect \u0219i despre <strong>American Romanian Cultural Society<\/strong> pot fi g\u0103site <a href=\"http:\/\/arcsproject.org\">aici<\/a>.<\/p>\n","protected":false},"excerpt":{"rendered":"<p>ARCS Summer Camp edi\u021bia a II-a va\u00a0 avea loc \u00een perioada 15 &#8211; 26 iulie 2019 la University of Washington, cu sprijinul local oferit de Ellison Center for Russian, East European and Central Asian Studies (REECAS) \u0219i Seattle International Film [&hellip;]<\/p>\n","protected":false},"author":2,"featured_media":0,"parent":2342,"menu_order":0,"comment_status":"closed","ping_status":"closed","template":"side-navigation.php","meta":{"footnotes":""},"class_list":["post-2354","page","type-page","status-publish","hentry"],"jetpack_sharing_enabled":true,"_links":{"self":[{"href":"https:\/\/www.controln.ro\/asociatia-culturala\/wp-json\/wp\/v2\/pages\/2354","targetHints":{"allow":["GET"]}}],"collection":[{"href":"https:\/\/www.controln.ro\/asociatia-culturala\/wp-json\/wp\/v2\/pages"}],"about":[{"href":"https:\/\/www.controln.ro\/asociatia-culturala\/wp-json\/wp\/v2\/types\/page"}],"author":[{"embeddable":true,"href":"https:\/\/www.controln.ro\/asociatia-culturala\/wp-json\/wp\/v2\/users\/2"}],"replies":[{"embeddable":true,"href":"https:\/\/www.controln.ro\/asociatia-culturala\/wp-json\/wp\/v2\/comments?post=2354"}],"version-history":[{"count":4,"href":"https:\/\/www.controln.ro\/asociatia-culturala\/wp-json\/wp\/v2\/pages\/2354\/revisions"}],"predecessor-version":[{"id":2440,"href":"https:\/\/www.controln.ro\/asociatia-culturala\/wp-json\/wp\/v2\/pages\/2354\/revisions\/2440"}],"up":[{"embeddable":true,"href":"https:\/\/www.controln.ro\/asociatia-culturala\/wp-json\/wp\/v2\/pages\/2342"}],"wp:attachment":[{"href":"https:\/\/www.controln.ro\/asociatia-culturala\/wp-json\/wp\/v2\/media?parent=2354"}],"curies":[{"name":"wp","href":"https:\/\/api.w.org\/{rel}","templated":true}]}}