{"id":2505,"date":"2021-03-23T12:02:29","date_gmt":"2021-03-23T10:02:29","guid":{"rendered":"http:\/\/www.controln.ro\/asociatia-culturala\/?page_id=2505"},"modified":"2021-03-23T12:02:30","modified_gmt":"2021-03-23T10:02:30","slug":"traineri","status":"publish","type":"page","link":"https:\/\/www.controln.ro\/asociatia-culturala\/workshop-uri\/lim-creative-pre-writing-workshop\/traineri\/","title":{"rendered":"traineri"},"content":{"rendered":"\n<p><strong>Nolwenn Guiziou<\/strong><\/p>\n<p>N\u0103scut\u0103 \u00een 1977, \u00een Bretania, cu un Master \u00een <em>Modern French and English Litterature<\/em> (Universitatea Western Brittany, Brest, \u0219i Universitatea Wales, Swansea), <strong>Nolwenn Guiziou <\/strong>a studiat, de asemenea, \u0219i scenografia \u0219i construc\u021bia de decor la Larkin Art School (Dublin). In 2004, \u00een Dublin, a pus bazele companiei de teatru de strad\u0103 <em>The Pirate Puppet Company<\/em>, al\u0103turi de care a c\u0103l\u0103torit \u00eentr-o lung\u0103 serie de turnee \u00een Irlanda, Anglia, Spania sau Portugalia. In 2018 a scris \u0219i a regizat propriul serial de televiziune, <em>An Dorio\u00f9, <\/em>un proiect care utilizeaz\u0103 tehnica stop motion. A realizat un scurt metraj folosind tehnica stereoscopic\u0103 3D, <em>TxanTxangorri<\/em>, creat cu actori \u0219i marionete, iar \u00een prezent dezvolt\u0103 <em>Birds of a feather<\/em>, un film de lung metraj \u00een aceea\u0219i tehnic\u0103. A \u00eenceput colaborarea cu Le Groupe Ouest \u00een 2014 \u0219i, datorit\u0103 experien\u021bei sale variate \u00een materiate de arte creative \u0219i performative, Nolwenn este unul dintre consultan\u021bii LGO concentra\u021bi \u0219i dedica\u021bi, \u00een special, workshop-urilor de <em>pre-writing<\/em>, implementate cu succes \u00een multe \u021b\u0103ri din Europa.<\/p>\n<p><strong>\u00a0<\/strong><strong>Ana Agopian<\/strong><\/p>\n<p><strong>Ana Agopian <\/strong>a absolvit Universitatea Na\u021bional\u0103 de Art\u0103 Teatral\u0103 \u0219i Cinematografic\u0103 din Bucure\u0219ti (UNATC) \u0219i European College of Liberal Arts (ECLA), Berlin. Din 2018 este Doctor \u00een Filologie \u00een cadrul Universit\u0103\u021bii Bucure\u0219ti. Ana a semnat, al\u0103turi de Iulia Rugin\u0103 \u0219i Oana R\u0103suceanu, mai multe scenarii de scurt \u0219i mediu metraj (printre care <em>Bun\u0103 Cristina! Pa Cristina!<\/em>,<em> Captivi de Cr\u0103ciun, S\u0103 mori de dragoste r\u0103nit\u0103, Skugos<\/em>) \u0219i trei lung metraje &#8211; <em>Love Building <\/em>(2013), <em>Alt Love Building<\/em> (2014) \u0219i <em>Breaking News<\/em> (2017). Cel mai recent lung metraj semnat de Ana, <em>Breaking News, <\/em>a avut premiera la Festivalul Interna\u021bional de Film Karlovy Vary (Competi\u021bie Oficial\u0103) \u0219i a fost recompensat cu o Men\u021biune Special\u0103 a Juriului pentru actri\u021ba Voica Oltean. Scurtmetrajul <em>E.T a fost aici <\/em>reprezint\u0103 debutul ei \u00een regia de film. \u00cen calitate de scenarist a colaborat, de asemenea, cu Media Pro Pictures \u0219i HBO Rom\u00e2nia. \u00cen prezent sus\u021bine cursuri \u0219i workshop-uri de scenaristic\u0103 (pentru amatori \u0219i profesioni\u0219ti deopotriv\u0103), iar din 2009 pred\u0103 scenaristic\u0103 \u00een cadrul UNATC, \u00een prezent fiind lector universitar.<\/p>\n","protected":false},"excerpt":{"rendered":"<p>Nolwenn Guiziou N\u0103scut\u0103 \u00een 1977, \u00een Bretania, cu un Master \u00een Modern French and English Litterature (Universitatea Western Brittany, Brest, \u0219i Universitatea Wales, Swansea), Nolwenn Guiziou a studiat, de asemenea, \u0219i scenografia \u0219i construc\u021bia de decor la Larkin Art School [&hellip;]<\/p>\n","protected":false},"author":2,"featured_media":0,"parent":2495,"menu_order":0,"comment_status":"closed","ping_status":"closed","template":"side-navigation.php","meta":{"footnotes":""},"class_list":["post-2505","page","type-page","status-publish","hentry"],"jetpack_sharing_enabled":true,"_links":{"self":[{"href":"https:\/\/www.controln.ro\/asociatia-culturala\/wp-json\/wp\/v2\/pages\/2505","targetHints":{"allow":["GET"]}}],"collection":[{"href":"https:\/\/www.controln.ro\/asociatia-culturala\/wp-json\/wp\/v2\/pages"}],"about":[{"href":"https:\/\/www.controln.ro\/asociatia-culturala\/wp-json\/wp\/v2\/types\/page"}],"author":[{"embeddable":true,"href":"https:\/\/www.controln.ro\/asociatia-culturala\/wp-json\/wp\/v2\/users\/2"}],"replies":[{"embeddable":true,"href":"https:\/\/www.controln.ro\/asociatia-culturala\/wp-json\/wp\/v2\/comments?post=2505"}],"version-history":[{"count":1,"href":"https:\/\/www.controln.ro\/asociatia-culturala\/wp-json\/wp\/v2\/pages\/2505\/revisions"}],"predecessor-version":[{"id":2506,"href":"https:\/\/www.controln.ro\/asociatia-culturala\/wp-json\/wp\/v2\/pages\/2505\/revisions\/2506"}],"up":[{"embeddable":true,"href":"https:\/\/www.controln.ro\/asociatia-culturala\/wp-json\/wp\/v2\/pages\/2495"}],"wp:attachment":[{"href":"https:\/\/www.controln.ro\/asociatia-culturala\/wp-json\/wp\/v2\/media?parent=2505"}],"curies":[{"name":"wp","href":"https:\/\/api.w.org\/{rel}","templated":true}]}}