{"id":281,"date":"2014-01-11T06:35:31","date_gmt":"2014-01-11T06:35:31","guid":{"rendered":"http:\/\/www.controln.ro\/asociatia-culturala\/?page_id=281"},"modified":"2016-07-28T13:58:38","modified_gmt":"2016-07-28T13:58:38","slug":"actoria-intre-teatru-si-film","status":"publish","type":"page","link":"https:\/\/www.controln.ro\/asociatia-culturala\/seminarii\/cafeaua-de-weekend\/actoria-intre-teatru-si-film\/","title":{"rendered":"actoria intre teatru si film"},"content":{"rendered":"<div class=\"margini\">\n<div class=\"verde\">\n<strong>CAFEAUA DE WEEKEND &#8211;<\/strong><br \/>\n<strong>ACTORIA \u00ceNTRE TEATRU \u0218I FILM<\/strong><\/p>\n<p><img decoding=\"async\" class=\"wp-image-368 alignright\" alt=\"3.a.Cafeaua de Weekend_Actoria intre teatru si film\" src=\"http:\/\/www.controln.ro\/asociatia-culturala\/wp-content\/uploads\/2014\/01\/3.a.Cafeaua-de-Weekend_Actoria-intre-teatru-si-film.jpg\" width=\"300\" height=\"425\" srcset=\"https:\/\/www.controln.ro\/asociatia-culturala\/wp-content\/uploads\/2014\/01\/3.a.Cafeaua-de-Weekend_Actoria-intre-teatru-si-film.jpg 300w, https:\/\/www.controln.ro\/asociatia-culturala\/wp-content\/uploads\/2014\/01\/3.a.Cafeaua-de-Weekend_Actoria-intre-teatru-si-film-211x300.jpg 211w\" sizes=\"(max-width: 300px) 100vw, 300px\" \/>\u00a0 \u00cen cadrul a trei \u00eent\u00e2lniri s\u0103pt\u0103m\u00e2nale discut\u0103m cu 3 actori de succes despre drumul dus-\u00eentors \u00eentre scen\u0103 \u0219i marele ecran.<\/p>\n<p>\u0218erban Pavlu, Andi Vasluianu \u0219i Victor Rebengiuc sunt trei actori care jongleaz\u0103 cu succes cu teatrul \u0219i filmul rom\u00e2nesc.<\/p>\n<p>Cum au \u00eenceput? Cum ar vrea s\u0103 continue? Cum se preg\u0103tesc pentru scen\u0103 \u0219i cum pentru camera de filmare? Unde se simt mai \u00een largul lor? Sunt doar c\u00e2teva din temele discu\u021biei informale pe care \u021bi-am preg\u0103tit-o.<\/p>\n<p><strong>ANDI VASLUIANU<\/strong><\/p>\n<p>N\u0103scut \u00een 1974, absolvent al Facult\u0103\u021bii de Teatru, sec\u021bia Actorie, din cadrul Universit\u0103\u021bii Na\u021bionale de Art\u0103 Teatral\u0103 \u0219i Cinematografic\u0103 \u201cI. L. Caragiale\u201d, Andi Vasluianu este unul dintre cei mai activi actori de film din cinematografia autohtona, filmografia sa cuprinz\u00e2nd peste 60 de roluri \u00een filme de lun metraj, scurt \u0219i mediu metraj.<br \/>\nA colaborat cu regizori precum Tudor Giurgiu (Despre Oameni \u0219i Melci), Radu Jude (Cea mai fericit\u0103 fat\u0103 din lume; Diminea\u021ba), Cristian Nemescu (California Dreamin&#8217; (nesf\u00e2r\u0219it); Marilena de la P7) sau Radu Muntean (H\u00eertia va fi albastr\u0103; Furia).<br \/>\n\u00cen 2007 a c\u00e2\u0219tigat Premiul Gopo pentru Cel mai bun actor \u00een rol secundar, pentru rolul din H\u00eertia va fi albastr\u0103.<br \/>\n\u00cen prezent, Andi colaboreaz\u0103 cu Teatrul Dramatic Toma Caragiu din Ploie\u0219ti, Teatrul Act \u0219i Teatrul Nottara din Bucure\u0219ti. De-a lungul carierei sale \u00een teatru a jucat \u00een peste 30 de spectacole lucr\u00e2nd cu regizori precum Cristian Juncu, Vlad Massaci, Radu Afrim, Alexandru Dabija, Victor Ioan Frunz\u0103 sau Dan Puric.<\/p>\n<p><strong>\u0218ERBAN PAVLU<\/strong><\/p>\n<p>N\u0103scut \u00een 1975 \u0219i absolvent al Facult\u0103\u021bii de Teatru din cadrul Universit\u0103\u021bii Na\u021bionale de Art\u0103 Teatral\u0103 \u0219i Cinematografic\u0103 &#8220;I.L. Caragiale&#8221; din Bucure\u0219ti, \u0218erban Pavlu a \u00eembinat de-a lungul carierei teatrul, filmul \u0219i televiziunea.<br \/>\nActor al Teatrului Bulandra, cu numeroase roluri la activ, a colaborat cu regizori precum Alexandru Darie. Vlad Massaci, C\u0103t\u0103lina Buzoianu, Yury Kodronsky.<br \/>\nFilmografia sa include titluri precum Toat\u0103 lumea din familia noastr\u0103, Roxane, Niki Ardelean, colonel \u00een rezerv\u0103, C\u00e2inele Japonez \u0219i colabor\u0103ri cu regizori precum Lucian Pintilie, Radu Jude, Cristi Puiu sau Stere Gulea. \u00cen 2013 a primit Premiul Gopo pentru Cel mai Bun Actor \u00eentr-un rol principal \u00een filmul &#8220;Toat\u0103 lumea din familia noastr\u0103&#8221;, regia Radu Jude.<\/p>\n<p><strong>VICTOR REBENGIUC<\/strong><\/p>\n<p>N\u0103scut \u00een 1933, Victor Rebengiuc este unul dintre cei mai iubi\u021bi actori ai filmului \u0219i teatrului rom\u00e2nesc deopotriv\u0103. Actor al Teatrului Bulandra din 1957 p\u00e2n\u0103 \u00een prezent, cu peste 200 de roluri \u00een spectacole montate aici \u0219i colaborator al altor teatre precum Teatrul Na\u021bional Bucure\u0219ti, Teatrul Mic, Teatrul Na\u021bional din Cluj Napoca, Victor Rebengiuc a lucrat de-a lungul carierei sale \u00een teatru cu regizori precum Liviu Ciulei, Radu Penciulescu, Andrei \u0218erban, C\u0103t\u0103lina Buzoianu, Yuri Kordonsky, <a href=\"http:\/\/en.wikipedia.org\/wiki\/G%C3%A1bor_Tompa\" target=\"_blank\">G\u00e1bor <\/a>\u00a0Tompa sau Alexandru Dabija.<br \/>\nA debutat \u00een cinema \u00een anul 1956, cu rolul din filmul M\u00e2ndrie \u0219i a dob\u00e2ndit recunoa\u0219terea publicului autohton \u0219i str\u0103in \u00een 1965 cu rolul lui Apostol Bologa din P\u0103durea Sp\u00e2nzuratilor , \u00een regia lui Liviu Ciulei.<br \/>\nDe-a lungul celor 58 de ani de carier\u0103 \u00een cinema, Victor Rebengiuc a jucat \u00een peste 90 de filme \u0219i a lucrat cu regizori precum Lucian Pintilie (De ce trag clopotele, Mitic\u0103?; Balanta; Prea t\u00e2rziu; Terminus Paradis; Niki Ardelean, colonel \u00een rezerv\u0103; Tertium non datur), Dan Pi\u021ba (T\u0103nase Scatiu, Dreptate \u00een lanturi, Faleze de nisip, Omul zilei), Stere Gulea (Morometii), Cristi Puiu (Un cartu\u0219 de Kent \u0219i un pachet de cafea), C\u0103lin Peter Netzer (Medalia de onoare), Radu Muntean (Marti dup\u0103 Cr\u0103ciun) sau Tudor Cristian Jurgiu (C\u00e2inele Japonez).<br \/>\nPrintre numeroasele premii \u0219i distinc\u021bii ob\u021binute de-a lungul carierei sale, at\u00e2t \u00een teatru c\u00e2t \u0219i \u00een cinema, se num\u0103r\u0103 \u0219i Premiul Gopo 2011 pentru Cel mai bun actor \u00eentr-un rol principal, pentru rolul din Medalia de onoare.<\/p>\n<p><strong>\u00cent\u00e2lniri:<\/strong> 25 ianuarie 2014 (Andi Vasluianu), 1 februarie 2014 (\u0218erban Pavlu), 8 februarie 2014 (Victor Rebengiuc)\n<\/div>\n<\/div>\n","protected":false},"excerpt":{"rendered":"<p>CAFEAUA DE WEEKEND &#8211; ACTORIA \u00ceNTRE TEATRU \u0218I FILM \u00a0 \u00cen cadrul a trei \u00eent\u00e2lniri s\u0103pt\u0103m\u00e2nale discut\u0103m cu 3 actori de succes despre drumul dus-\u00eentors \u00eentre scen\u0103 \u0219i marele ecran. \u0218erban Pavlu, Andi Vasluianu \u0219i Victor Rebengiuc sunt trei actori [&hellip;]<\/p>\n","protected":false},"author":2,"featured_media":0,"parent":91,"menu_order":1,"comment_status":"closed","ping_status":"closed","template":"side-navigation.php","meta":{"footnotes":""},"class_list":["post-281","page","type-page","status-publish","hentry"],"jetpack_sharing_enabled":true,"_links":{"self":[{"href":"https:\/\/www.controln.ro\/asociatia-culturala\/wp-json\/wp\/v2\/pages\/281","targetHints":{"allow":["GET"]}}],"collection":[{"href":"https:\/\/www.controln.ro\/asociatia-culturala\/wp-json\/wp\/v2\/pages"}],"about":[{"href":"https:\/\/www.controln.ro\/asociatia-culturala\/wp-json\/wp\/v2\/types\/page"}],"author":[{"embeddable":true,"href":"https:\/\/www.controln.ro\/asociatia-culturala\/wp-json\/wp\/v2\/users\/2"}],"replies":[{"embeddable":true,"href":"https:\/\/www.controln.ro\/asociatia-culturala\/wp-json\/wp\/v2\/comments?post=281"}],"version-history":[{"count":8,"href":"https:\/\/www.controln.ro\/asociatia-culturala\/wp-json\/wp\/v2\/pages\/281\/revisions"}],"predecessor-version":[{"id":1821,"href":"https:\/\/www.controln.ro\/asociatia-culturala\/wp-json\/wp\/v2\/pages\/281\/revisions\/1821"}],"up":[{"embeddable":true,"href":"https:\/\/www.controln.ro\/asociatia-culturala\/wp-json\/wp\/v2\/pages\/91"}],"wp:attachment":[{"href":"https:\/\/www.controln.ro\/asociatia-culturala\/wp-json\/wp\/v2\/media?parent=281"}],"curies":[{"name":"wp","href":"https:\/\/api.w.org\/{rel}","templated":true}]}}