{"id":91,"date":"2014-01-08T11:50:26","date_gmt":"2014-01-08T11:50:26","guid":{"rendered":"http:\/\/www.controln.ro\/asociatia-culturala\/?page_id=91"},"modified":"2016-07-20T14:03:12","modified_gmt":"2016-07-20T14:03:12","slug":"cafeaua-de-weekend","status":"publish","type":"page","link":"https:\/\/www.controln.ro\/asociatia-culturala\/seminarii\/cafeaua-de-weekend\/","title":{"rendered":"cafeaua de weekend"},"content":{"rendered":"<div class=\"margini\">\n<div class=\"verde\">\n<p><strong>CAFEAUA DE WEEKEND<\/strong><\/p>\n<p>Poate le-ai v\u0103zut filmele, le-ai citit c\u0103r\u021bile sau i-ai admirat pe scen\u0103. Poate c\u0103 n-ai avut curaj s\u0103 mergi s\u0103 \u00eei \u00eentrebi cum au f\u0103cut, de ce, ce au g\u00e2ndit, ce au sim\u021bit, cum decurge o zi din via\u021ba lor sau ce vor s\u0103 fac\u0103 mai departe. Poate c\u0103, de fapt, nu e a\u0219a de greu s\u0103 bei o cafea cu ei&#8230;<\/p>\n<p>\u00cen weekend-uri, de la 12.00 la 15.00, te invit\u0103m la Cafeaua de Weekend.<br \/>\n\u00cencerc\u0103m s\u0103 te apropiem de oamenii pe care \u00eei admiri, pe care \u00eei respec\u021bi \u0219i care te inspir\u0103.<br \/>\n\u00centr-o atmosfer\u0103 relaxat\u0103, \u00een mansarda Control N, st\u0103m la pove\u0219ti cu personalit\u0103\u021bi din cinema, teatru, literatur\u0103, dans, fotografie, \u00eentr-o serie de \u00eent\u00e2lniri tematice menite s\u0103 deschid\u0103 ochii c\u0103tre experien\u021ba celor care au reu\u0219it \u00een meseria lor.<\/p>\n<\/div>\n<\/div>\n","protected":false},"excerpt":{"rendered":"<p>CAFEAUA DE WEEKEND Poate le-ai v\u0103zut filmele, le-ai citit c\u0103r\u021bile sau i-ai admirat pe scen\u0103. Poate c\u0103 n-ai avut curaj s\u0103 mergi s\u0103 \u00eei \u00eentrebi cum au f\u0103cut, de ce, ce au g\u00e2ndit, ce au sim\u021bit, cum decurge o zi [&hellip;]<\/p>\n","protected":false},"author":2,"featured_media":0,"parent":1037,"menu_order":0,"comment_status":"closed","ping_status":"closed","template":"side-navigation.php","meta":{"footnotes":""},"class_list":["post-91","page","type-page","status-publish","hentry"],"jetpack_sharing_enabled":true,"_links":{"self":[{"href":"https:\/\/www.controln.ro\/asociatia-culturala\/wp-json\/wp\/v2\/pages\/91","targetHints":{"allow":["GET"]}}],"collection":[{"href":"https:\/\/www.controln.ro\/asociatia-culturala\/wp-json\/wp\/v2\/pages"}],"about":[{"href":"https:\/\/www.controln.ro\/asociatia-culturala\/wp-json\/wp\/v2\/types\/page"}],"author":[{"embeddable":true,"href":"https:\/\/www.controln.ro\/asociatia-culturala\/wp-json\/wp\/v2\/users\/2"}],"replies":[{"embeddable":true,"href":"https:\/\/www.controln.ro\/asociatia-culturala\/wp-json\/wp\/v2\/comments?post=91"}],"version-history":[{"count":6,"href":"https:\/\/www.controln.ro\/asociatia-culturala\/wp-json\/wp\/v2\/pages\/91\/revisions"}],"predecessor-version":[{"id":1458,"href":"https:\/\/www.controln.ro\/asociatia-culturala\/wp-json\/wp\/v2\/pages\/91\/revisions\/1458"}],"up":[{"embeddable":true,"href":"https:\/\/www.controln.ro\/asociatia-culturala\/wp-json\/wp\/v2\/pages\/1037"}],"wp:attachment":[{"href":"https:\/\/www.controln.ro\/asociatia-culturala\/wp-json\/wp\/v2\/media?parent=91"}],"curies":[{"name":"wp","href":"https:\/\/api.w.org\/{rel}","templated":true}]}}

<div class="margini">
<div class="verde">
<p><strong>CAFEAUA DE WEEKEND</strong></p>
<p>Poate le-ai văzut filmele, le-ai citit cărțile sau i-ai admirat pe scenă. Poate că n-ai avut curaj să mergi să îi întrebi cum au făcut, de ce, ce au gândit, ce au simțit, cum decurge o zi din viața lor sau ce vor să facă mai departe. Poate că, de fapt, nu e așa de greu să bei o cafea cu ei&#8230;</p>
<p>În weekend-uri, de la 12.00 la 15.00, te invităm la Cafeaua de Weekend.<br />
Încercăm să te apropiem de oamenii pe care îi admiri, pe care îi respecți și care te inspiră.<br />
Într-o atmosferă relaxată, în mansarda Control N, stăm la povești cu personalități din cinema, teatru, literatură, dans, fotografie, într-o serie de întâlniri tematice menite să deschidă ochii către experiența celor care au reușit în meseria lor.</p>
</div>
</div>

<p>CAFEAUA DE WEEKEND Poate le-ai văzut filmele, le-ai citit cărțile sau i-ai admirat pe scenă. Poate că n-ai avut curaj să mergi să îi întrebi cum au făcut, de ce, ce au gândit, ce au simțit, cum decurge o zi [&hellip;]</p>
